*t**2 + 2453*t + 694. What is h(-58)?
-292
Let f(z) = -131*z - 1941. Determine f(-15).
24
Let f(k) = -30905*k + 123663. What is f(4)?
43
Let m(c) = c**2 + 1424*c + 31969. Give m(-23).
-254
Let n(a) = 68*a**2 + 4079*a + 90. Give n(-60).
150
Let w(i) = i**3 + 4*i**2 - 797*i - 1977. Give w(-29).
111
Let r(n) = -52*n**2 + 1928*n - 3790. Determine r(35).
-10
Let y(g) = -7886*g + 15062264. Give y(1910).
4
Let g(d) = d**2 + 158359*d + 791770. Calculate g(-5).
0
Let z(q) = -13328*q - 39815. What is z(-3)?
169
Let k(b) = -29728*b - 3537650. Calculate k(-119).
-18
Let a(f) = -f**2 + 2*f + 973. Give a(46).
-1051
Let z(x) = -3*x**2 - 380*x + 7028. What is z(-143)?
21
Let u(z) = -2*z**2 + 2796512*z + 13982588. Give u(-5).
-22
Let z(c) = 3*c**2 - 995*c + 4947. Calculate z(5).
47
Let s(r) = 19*r - 596. Calculate s(46).
278
Let s(m) = 42*m**2 + 1119*m - 5655. Determine s(-31).
18
Let f(j) = -274662*j - 2197296. What is f(-8)?
0
Let b(q) = 2*q**3 - 2137*q**2 + 79319*q - 9268. Give b(1030).
2
Let u(x) = x**3 - 638*x**2 + 14731*x - 39. What is u(24)?
-159
Let w(j) = -9*j**2 - 10*j - 63. What is w(0)?
-63
Let g(f) = 16086*f - 1093900. Calculate g(68).
-52
Let v(s) = -s**2 - 57606*s + 403311. Determine v(7).
20
Let s(m) = 4880*m - 278389. Determine s(57).
-229
Let k(x) = -17*x**2 - 21740*x - 65190. Give k(-3).
-123
Let n(j) = 511233*j + 4601038. Give n(-9).
-59
Let a(l) = -7740*l - 15276. What is a(-2)?
204
Let d(v) = -77537*v - 4342071. Determine d(-56).
1
Let b(a) = -a**3 - 137*a**2 - 11*a - 1298. Give b(-137).
209
Let w(s) = -s**3 - 227*s**2 - 1519*s - 42668. What is w(-221)?
-15
Let t(i) = 25*i + 2511. What is t(-90)?
261
Let w(q) = -q**2 + 473*q + 116. Calculate w(0).
116
Let t(f) = -276*f**2 - 7457*f - 171. Calculate t(-27).
-36
Let o(f) = 120*f + 1557. What is o(-24)?
-1323
Let h(y) = 30465*y - 944834. What is h(31)?
-419
Let g(i) = -7*i**3 - 133*i**2 + 34*i + 110. What is g(-19)?
-536
Let p(s) = -42521*s - 11948394. Give p(-281).
7
Let x(i) = -2*i**3 - 20*i**2 - 2390*i - 23909. Give x(-10).
-9
Let k(n) = -20*n**3 + 443*n**2 - 1490*n - 38. Give k(18).
34
Let f(a) = -2*a**2 - 53*a + 639. Calculate f(9).
0
Let v(t) = 357*t + 103536. Give v(-289).
363
Let v(q) = 7*q**3 - 43*q**2 + 101*q - 874. What is v(7)?
127
Let b(d) = 8*d**3 + 46*d**2 + 21*d + 207. Determine b(-6).
9
Let i(n) = -n**3 + 6*n**2 + 641*n - 3175. Determine i(5).
55
Let l(m) = -1647*m - 213. What is l(-1)?
1434
Let i(w) = 3*w**2 - 56*w - 1088. Calculate i(26).
-516
Let f(m) = 3087*m + 6160. Determine f(-2).
-14
Let s(a) = -10*a**2 - 865*a + 52875. Give s(-128).
-245
Let i(s) = 613*s**2 - 3079*s + 110. What is i(5)?
40
Let r(q) = -q**3 + 651*q**2 - 28330*q - 35023. Determine r(604).
9
Let t(j) = -4*j**3 - 60*j + 126. Determine t(2).
-26
Let z(s) = 78*s**2 + 3251*s - 13014. What is z(4)?
1238
Let h(l) = 13*l**2 + 32*l + 7. Calculate h(2).
123
Let u(l) = -4*l**3 + 39*l**2 - 37*l - 27. Give u(7).
253
Let q(f) = 777*f**2 - 2113*f + 21. Give q(2).
-1097
Let u(o) = 2378*o + 523. Give u(-1).
-1855
Let r(q) = -q**3 + 91*q**2 + 497*q + 51829. Determine r(101).
16
Let h(j) = -19995*j - 579853. Calculate h(-29).
2
Let w(i) = 180221*i + 901321. Give w(-5).
216
Let s(c) = -4*c**3 + 127*c**2 - 1591*c + 8783. Determine s(15).
-7
Let o(z) = -4*z**3 - 741*z**2 - 468*z - 52331. Give o(-185).
24
Let l(n) = 32*n**2 - 246*n - 4767. Calculate l(-9).
39
Let n(k) = 4614*k + 4955435. Determine n(-1074).
-1
Let j(c) = 26995*c - 296964. Give j(11).
-19
Let l(n) = -8*n**2 - 481*n - 804. Determine l(-58).
182
Let u(c) = -5*c**2 + 86*c + 295. Determine u(25).
-680
Let n(g) = -418*g - 9338. What is n(-15)?
-3068
Let i(v) = v**3 - 236*v**2 + 965*v - 8605. Calculate i(232).
-21
Let v(u) = -2*u**3 - 67*u**2 + 820*u + 145. What is v(10)?
-355
Let c(o) = -o**3 - 62*o**2 + 113*o + 152. Calculate c(3).
-94
Let c(s) = -335*s + 34331. Determine c(102).
161
Let f(r) = -r**3 - r**2 + 228*r - 205. Determine f(14).
47
Let s(b) = 502*b - 9766. What is s(21)?
776
Let y(o) = o**3 + 29*o**2 + 235*o + 397. Calculate y(-11).
-10
Let y(j) = 102468*j - 614711. Determine y(6).
97
Let b(u) = -5*u**2 + 2967*u - 14799. Calculate b(5).
-89
Let k(v) = -1960*v - 256826. Give k(-131).
-66
Let b(f) = -18023*f - 738950. Determine b(-41).
-7
Let m(w) = 3*w**2 - 6646*w + 183847. Calculate m(28).
111
Let i(x) = x**2 + 178*x - 6653. Determine i(32).
67
Let f(q) = q**2 - 23577*q - 1062757. Calculate f(-45).
233
Let r(i) = -30*i**2 - 69*i - 334. Give r(-4).
-538
Let y(o) = -3*o**3 + 281*o**2 + 694*o - 2111. Determine y(96).
1
Let v(w) = -84*w - 1407. Calculate v(-7).
-819
Let u(o) = 927537*o + 12057982. Calculate u(-13).
1
Let f(x) = 3*x**2 + 495*x + 20196. Give f(-97).
408
Let b(m) = 37*m**2 + 437*m + 55. What is b(-13)?
627
Let b(m) = 5*m**3 - 2589*m**2 + 2079*m - 5670. What is b(517)?
17
Let o(v) = -8114*v + 88943. Calculate o(11).
-311
Let q(b) = b**2 + 11816*b + 141642. Give q(-12).
-6
Let k(s) = -3494*s + 129292. Give k(37).
14
Let v(r) = -r**3 + 244*r**2 + 5562*r + 926. Determine v(265).
131
Let n(f) = 25*f**2 - 5820*f + 5809. Determine n(1).
14
Let v(s) = -2*s**2 + 193*s - 2135. Give v(84).
-35
Let f(o) = -o**3 + 5*o**2 + 353*o - 213. Give f(-17).
144
Let r(g) = 124*g - 8236. Give r(35).
-3896
Let s(i) = 14*i**2 + 75*i - 1311. Calculate s(7).
-100
Let p(v) = 3801*v + 1296139. What is p(-341)?
-2
Let f(j) = j**2 + 2872*j - 20140. Determine f(7).
13
Let o(v) = -2*v**3 + 160*v**2 - 169*v + 621. Calculate o(79).
-248
Let m(b) = -320*b**2 + 1919*b - 1603. Give m(5).
-8
Let h(p) = -2388*p + 26614. Calculate h(13).
-4430
Let m(r) = -5*r**2 + 1081*r - 1435. Determine m(215).
-145
Let v(t) = 7*t**3 + 274*t**2 - 246*t - 250. Determine v(-40).
-10
Let s(b) = -7*b**3 - 34*b**2 - 426*b - 3710. Calculate s(-7).
7
Let o(p) = -4267*p - 8218. Give o(-2).
316
Let w(f) = -22*f**3 - 708*f**2 - 789*f - 82. Determine w(-1).
21
Let f(h) = -300*h + 23390. What is f(78)?
-10
Let b(s) = 50*s + 235. Determine b(18).
1135
Let p(c) = 2*c**3 - 534*c**2 + 524*c + 2087. Give p(266).
-41
Let k(i) = 8*i**2 + 563*i + 3386. What is k(-64)?
122
Let t(x) = 4*x**2 - 17*x - 285. Calculate t(11).
12
Let w(k) = -k**3 + 1119*k**2 - 5881*k + 346449. What is w(1114)?
-5
Let r(c) = -3161*c - 180268. Calculate r(-57).
-91
Let q(x) = -301*x + 83693. Determine q(278).
15
Let v(i) = 38083*i + 418907. Determine v(-11).
-6
Let l(x) = 204*x - 29753. Determine l(142).
-785
Let v(b) = 567815*b + 4542521. What is v(-8)?
1
Let n(z) = 6*z**2 + 541*z + 4824. Give n(-10).
14
Let t(j) = 22*j**2 + 1273*j + 289. Calculate t(-60).
3109
Let b(n) = n**2 + 634*n + 10477. Give b(-17).
-12
Let h(q) = -29*q**2 - 3152*q - 73642. Give h(-34).
2
Let a(v) = 2*v**3 + 6*v**2 + 52*v - 3. Give a(-4).
-243
Let h(d) = d**3 - 273*d**2 + 11326*d - 168. Calculate h(51).
36
Let r(m) = 681*m + 13389. What is r(-20)?
-231
Let o(d) = -13201*d - 224757. Give o(-17).
-340
Let v(b) = -1200*b**2 + 116403*b - 292. Give v(97).
-1
Let l(s) = -2725*s - 79051. What is l(-29)?
-26
Let g(i) = -3*i**3 + 1205*i**2 + 1581*i + 12482. Determine g(403).
-11
Let k(j) = -34*j**2 + 359*j - 16. Give k(12).
-604
Let t(d) = 6094*d - 23199. Calculate t(4).
1177
Let h(a) = -5*a**2 - 170*a + 6440. Calculate h(24).
-520
Let q(d) = d**3 - 8*d**2 + 1379*d + 7239. Give q(-5).
19
Let v(r) = 4698*r + 178495. Determine v(-38).
-29
Let s(p) = -p**2 + 633*p + 9060. What is s(-14)?
2
Let a(f) = 168364*f - 22392417. Give a(133).
-5
Let k(p) = p**3 + 2*p**2 - 164*p - 1662. Determine k(-10).
-822
Let i(l) = 818762*l + 38481810. Give i(-47).
-4
Let k(m) = 423*m**3 - 15*m**2 + 764*m - 761. Give k(1).
411
Let r(x) = 84*x**2 + 6408*x - 4628. Give r(-77).
-8
Let p(s) = -223*s**2 - 103*s - 102. Determine p(-1).
-222
Let c(i) = i**3 - 155*i**2 + 336*i - 5033. Calculate c(153).
-443
Let x(t) = 3*t**2 - 592*t - 35325. Give x(-48).
3
Let t(n) = 141722*n + 1417207. Determine t(-10).
-13
Let h(u) = 6*u**2 - 850*u + 4662. What is h(139)?
2438
Let b(h) = 1702*h + 15640. What is b(-9)?
322
Let v(x) = -12*x**3 - 298*x**2 + 1880*x + 55. Determine v(-30).
-545
Let s(t) = 91*t**3 - 24*t**2 - 24*t + 141. What is s(2)?
725
Let i(w) = w**3 + 23*w**2 + 848*w + 8206. Determine i(-10).
1026
Let q(f) = -25*f + 679. Calculate q(29).
-46
Let a(c) = -694*c - 18700. Give a(-27).
38
Let g(w) = -w**3 + 60